en 208 is divided by 28?
12
Calculate the remainder when 364 is divided by 123.
118
Calculate the remainder when 49 is divided by 37.
12
Calculate the remainder when 319 is divided by 17.
13
What is the remainder when 979 is divided by 316?
31
Calculate the remainder when 3955 is divided by 37.
33
Calculate the remainder when 1247 is divided by 446.
355
Calculate the remainder when 717 is divided by 354.
9
What is the remainder when 2478 is divided by 35?
28
What is the remainder when 162 is divided by 58?
46
Calculate the remainder when 17385 is divided by 276.
273
What is the remainder when 30 is divided by 7?
2
What is the remainder when 626 is divided by 205?
11
What is the remainder when 8225 is divided by 98?
91
Calculate the remainder when 15804 is divided by 17.
11
What is the remainder when 4924 is divided by 14?
10
Calculate the remainder when 1159 is divided by 9.
7
What is the remainder when 1386 is divided by 87?
81
What is the remainder when 1185 is divided by 315?
240
What is the remainder when 1999 is divided by 25?
24
Calculate the remainder when 1152 is divided by 88.
8
Calculate the remainder when 215 is divided by 72.
71
Calculate the remainder when 1207 is divided by 240.
7
Calculate the remainder when 2774 is divided by 75.
74
What is the remainder when 836 is divided by 35?
31
Calculate the remainder when 1405 is divided by 699.
7
What is the remainder when 378 is divided by 8?
2
What is the remainder when 66 is divided by 31?
4
Calculate the remainder when 8969 is divided by 176.
169
What is the remainder when 1539 is divided by 26?
5
Calculate the remainder when 2125 is divided by 15.
10
What is the remainder when 241 is divided by 34?
3
Calculate the remainder when 176 is divided by 53.
17
What is the remainder when 882 is divided by 26?
24
Calculate the remainder when 260 is divided by 22.
18
What is the remainder when 344 is divided by 21?
8
What is the remainder when 62 is divided by 40?
22
Calculate the remainder when 88 is divided by 40.
8
What is the remainder when 737 is divided by 196?
149
Calculate the remainder when 111 is divided by 14.
13
Calculate the remainder when 5785 is divided by 1157.
0
Calculate the remainder when 7865 is divided by 13.
0
Calculate the remainder when 177 is divided by 56.
9
Calculate the remainder when 482 is divided by 18.
14
What is the remainder when 100 is divided by 17?
15
Calculate the remainder when 120 is divided by 79.
41
Calculate the remainder when 1732 is divided by 5.
2
What is the remainder when 203 is divided by 49?
7
Calculate the remainder when 167 is divided by 64.
39
Calculate the remainder when 490 is divided by 100.
90
What is the remainder when 1097 is divided by 20?
17
Calculate the remainder when 3418 is divided by 29.
25
What is the remainder when 33 is divided by 12?
9
What is the remainder when 1207 is divided by 133?
10
Calculate the remainder when 13777 is divided by 20.
17
What is the remainder when 57 is divided by 30?
27
What is the remainder when 2709 is divided by 226?
223
Calculate the remainder when 554 is divided by 81.
68
What is the remainder when 731 is divided by 85?
51
What is the remainder when 137 is divided by 86?
51
Calculate the remainder when 1535 is divided by 64.
63
What is the remainder when 176 is divided by 60?
56
Calculate the remainder when 26745 is divided by 36.
33
Calculate the remainder when 168 is divided by 41.
4
Calculate the remainder when 663 is divided by 78.
39
What is the remainder when 448 is divided by 146?
10
What is the remainder when 770 is divided by 37?
30
What is the remainder when 5714 is divided by 45?
44
What is the remainder when 59 is divided by 50?
9
What is the remainder when 1041 is divided by 33?
18
What is the remainder when 3104 is divided by 164?
152
Calculate the remainder when 996 is divided by 10.
6
What is the remainder when 4019 is divided by 1334?
17
Calculate the remainder when 2400 is divided by 267.
264
What is the remainder when 654 is divided by 12?
6
Calculate the remainder when 591 is divided by 11.
8
Calculate the remainder when 335 is divided by 12.
11
What is the remainder when 4044 is divided by 289?
287
Calculate the remainder when 965 is divided by 478.
9
Calculate the remainder when 177 is divided by 52.
21
Calculate the remainder when 651 is divided by 16.
11
Calculate the remainder when 1059 is divided by 147.
30
Calculate the remainder when 306 is divided by 16.
2
What is the remainder when 331 is divided by 165?
1
What is the remainder when 494 is divided by 247?
0
What is the remainder when 120 is divided by 70?
50
Calculate the remainder when 3629 is divided by 403.
2
What is the remainder when 271 is divided by 51?
16
What is the remainder when 2000 is divided by 60?
20
Calculate the remainder when 296 is divided by 14.
2
Calculate the remainder when 3961 is divided by 42.
13
Calculate the remainder when 86 is divided by 4.
2
What is the remainder when 16 is divided by 2?
0
What is the remainder when 2360 is divided by 1175?
10
What is the remainder when 584 is divided by 45?
44
Calculate the remainder when 808 is divided by 230.
118
What is the remainder when 218 is divided by 57?
47
Calculate the remainder when 1279 is divided by 16.
15
Calculate the remainder when 404 is divided by 205.
199
Calculate the remainder when 1529 is divided by 51.
50
What is the remainder when 327 is divided by 154?
19
What is the remainder when 43 is divided by 4?
3
What is the remainder when 2141 is divided by 58?
53
What is the remainder when 222 is divided by 32?
30
Calculate the remainder when 473 is divided by 163.
147
What is the remainder when 294 is divided by 294?
0
What is the remainder when 184 is divided by 86?
12
What is the remainder when 90 is divided by 17?
5
What is the remainder when 335 is divided by 169?
166
What is the remainder when 107 is divided by 18?
17
What is the remainder when 204 is divided by 51?
0
Calculate the remainder when 58 is divided by 47.
11
Calculate the remainder when 397 is divided by 40.
37
What is the remainder when 416 is divided by 146?
124
What is the remainder when 44 is divided by 8?
4
Calculate the remainder when 778 is divided by 89.
66
What is the remainder when 6619 is divided by 2204?
7
What is the remainder when 304 is divided by 22?
18
What is the remainder when 3156 is divided by 29?
24
What is the remainder when 67 is divided by 12?
7
What is the remainder when 671 is divided by 344?
327
Calculate the remainder when 40 is divided by 15.
10
Calculate the remainder when 1412 is divided by 59.
55
Calculate the remainder when 2865 is divided by 182.
135
What is the remainder when 1916 is divided by 957?
2
What is the remainder when 29 is divided by 9?
2
What is the remainder when 133 is divided by 40?
13
Calculate the remainder when 909 is divided by 24.
21
Calculate the remainder when 151 is divided by 42.
25
Calculate the remainder when 652 is divided by 217.
1
What is the remainder when 235 is divided by 85?
65
Calculate the remainder when 851 is divided by 11.
4
What is the remainder when 677 is divided by 83?
13
Calculate the remainder when 169 is divided by 65.
39
What is the remainder when 76 is divided by 57?
19
What is the remainder when 1454 is divided by 13?
11
What is the remainder when 34 is divided by 1?
0
Calculate the remainder when 413 is divided by 15.
8
Calculate the remainder when 118 is divided by 41.
36
What is the remainder when 203 is divided by 67?
2
What is the remainder when 239 is divided by 129?
110
Calculate the remainder when 28554 is divided by 171.
168
What is the remainder when 261 is divided by 150?
111
What is the remainder when 5641 is divided by 11?
9
Calculate the remainder when 1882 is divided by 567.
181
What is the remainder when 543 is divided by 135?
3
What is the remainder when 632 is divided by 91?
86
Calculate the remainder when 607 is divided by 32.
31
Calculate the remainder when 434 is divided by 107.
6
What is the remainder when 273 is divided by 192?
81
What is the remainder when 234 is divided by 87?
60
What is the remainder when 1263 is divided by 25?
13
Calculate the remainder when 114 is divided by 33.
15
Calculate the remainder when 54 is divided by 19.
16
Calculate the rem